 Suppose 4*q = 2*q + 5*b + g, 2*q + 2*b = 54. Does 13 divide q?
True
Let o(p) = -3*p**3 - 2*p**2 + 2*p + 3. Let g be o(-2). Suppose 3*s = z - s - 16, 3*s = g. Is z a multiple of 11?
False
Suppose 0*z + 2*z - 4 = 0. Is 2 a factor of z?
True
Let q be (-6 - -4)/((-4)/22). Suppose -2*r + q - 1 = 0. Is r even?
False
Let f be (3 - 1)*35/(-2). Is 8 a factor of (120/f)/(2/(-14))?
True
Let h = -36 + 26. Suppose -2*s = 3*s - 115. Let m = h + s. Does 13 divide m?
True
Let a be 14/3*(-3)/(-2). Let p(m) = -m**2 + 11*m - 5. Is 9 a factor of p(a)?
False
Let w(p) = p**2 - p + 3. Suppose 0 = -3*u - 1 + 16. Is 16 a factor of w(u)?
False
Suppose 0 = -j + 3. Suppose -4*z = -j*f - 183, -5*z + 7*f = 4*f - 225. Does 21 divide z?
True
Let h be 10*3/(-2)*-1. Suppose 1 = u, 0*g + 3*u = 2*g - h. Does 2 divide g?
False
Suppose 0 = -5*b + 4*o + o + 90, -o = 4*b - 72. Is 6 a factor of b?
True
Let t = -16 - -35. Is t a multiple of 5?
False
Suppose 3 = -4*h + 71. Let r be 128/(-20) - 2/(-5). Let t = r + h. Is t a multiple of 4?
False
Let x = 5 - -19. Is 11 a factor of x?
False
Suppose -5*f = 1 + 4. Let m be f*((-1 - 7) + -1). Does 2 divide 0 + -2 - (2 - m)?
False
Suppose 6*j - 2*j - 12 = 0. Let x(t) = -2 + 7*t**2 + 2 + 3 + t**j + 3*t. Is 14 a factor of x(-6)?
False
Suppose 104 = 4*i - 5*x - 4, -2*i - 5*x = -24. Is 8 a factor of i?
False
Suppose 148 = 2*g + 3*h + 2*h, -g + 74 = 3*h. Is g a multiple of 11?
False
Suppose 0 = 2*t - 5*t. Suppose l - 3 - 5 = t. Does 3 divide l?
False
Let w(r) = -r**2 + 6*r - 1. Let p(s) = -s**2 - s + 1. Let h(t) = -2*p(t) + w(t). Let g be h(-9). Is (-4)/g - (-23)/3 a multiple of 7?
True
Let n(a) = -2*a**2 + 1. Let j be n(-1). Suppose -4*g = -10 - 2, 4*t + g - 83 = 0. Does 9 divide t*((-1)/(-4) - j)?
False
Suppose -5*g - 24 = -2*x, -3*g + 2*x = 6*x + 4. Let t = g + 12. Is t a multiple of 4?
True
Let u(f) = -13*f - 4. Let x be u(-7). Suppose 3*z + 0*z - x = 0. Suppose z = 4*y - 7. Is 9 a factor of y?
True
Let q = 39 + -71. Let s = 20 - q. Is (2 - 5)*s/(-3) a multiple of 18?
False
Let y = -25 - -32. Is y a multiple of 2?
False
Suppose 6*a - 57 = 3*a. Is 4 a factor of a?
False
Let n = 12 + -17. Is 3*(n - -2)*-2 a multiple of 9?
True
Let c(t) = 10*t. Suppose 0 = w + 3*w - 4. Does 7 divide c(w)?
False
Let a(z) be the third derivative of z**6/360 - z**5/30 - z**4/12 + z**3/3 + 3*z**2. Let b(f) be the first derivative of a(f). Does 3 divide b(6)?
False
Let n = -166 + 240. Is n a multiple of 15?
False
Suppose -2 = -0*r - r. Suppose 306 = -12*z + 9*z. Is (2/(-3))/(r/z) a multiple of 11?
False
Suppose -17*p + 273 = -4*p. Is p a multiple of 2?
False
Suppose 0 = a - 2*a + 3. Let p be -2*a/(-6) - -2. Suppose -p*z - 3*i - 2*i = -32, 3*z - i = 26. Is 8 a factor of z?
False
Let d = -4 + 0. Let r(p) = p**3 + 5*p**2 + 2*p - 3. Let o be r(d). Suppose -4*i + 14 + 26 = -4*n, 5*i + o*n = 40. Is i a multiple of 3?
True
Suppose 0 = 2*f + 2 - 6. Suppose -f*o - 243 = -59. Does 7 divide o/(-5) + (-4)/10?
False
Suppose 4*y + 32 = 4*n, -4*n + y - 6*y = -5. Is n a multiple of 2?
False
Let t(y) = -2*y - 19. Does 11 divide t(-15)?
True
Does 11 divide (-8)/(-20) + 823/5?
True
Does 2 divide 3*(0 - -2) - -3?
False
Let p(l) = 5*l**2 - 6*l - 7. Let b(v) = -4*v**2 + 7*v + 6. Let w(m) = 4*b(m) + 3*p(m). Let r = -20 - -28. Is 19 a factor of w(r)?
True
Let a(v) = -5*v - 1. Let y be a(2). Let p = y - -50. Is p a multiple of 13?
True
Let t be 6/15 + 133/5. Let h = t - 9. Is 6 a factor of h?
True
Suppose 0 = -4*h + 7*h - 24. Suppose -7*g = -3*g + h. Is 5 a factor of ((-32)/g)/1 - 2?
False
Suppose 0 = -2*s - 4 + 10. Suppose -s*y = -i - 35, -4*y + 2*i = 2 - 52. Does 10 divide y - 0/(3 - 1)?
True
Let j(n) = 40*n**3 - 2*n**2 + 2*n - 1. Let m be 2 - -1 - (-1 + 3). Does 10 divide j(m)?
False
Suppose h = -4*n - 12, 2*n + 3*n = -2*h - 15. Suppose 2*j + 5 = -5*l, 2*j + h*l - 3 = 3*l. Is 29 a factor of 1/((-2)/(-58) + j)?
True
Suppose 4*i + 14 = -2*f, 3*i + 2 = 4*f + 5*i. Suppose -f*z = z. Suppose -u - 3*u = 3*r - 18, -2*u + 5*r + 22 = z. Is 6 a factor of u?
True
Let g(f) = -f**2. Suppose 2*q = 2*b - 4, -2 = 2*q + 3*q - b. Let x be g(q). Suppose -3*n + 5*z = -0*z - 23, x = -z - 1. Is n a multiple of 3?
True
Let b(v) = v**3 + 7*v**2. Let l = -4 - -16. Suppose -2*h = -4*h - l. Does 13 divide b(h)?
False
Suppose 0 = -3*f - 12 + 3. Does 23 divide -46*(3 - 7 - f)?
True
Is 7 a factor of (-70)/25*5*-1?
True
Suppose 3*y - 5*f = 193, 2*y + 3*f - 201 = -y. Is y a multiple of 4?
False
Let l(b) = -5*b + 16. Does 32 divide l(-16)?
True
Let w(m) = -m**3 - 9*m**2 + 6*m - 2. Let f(h) = -h**3 - 9*h**2 + 7*h - 3. Let o(a) = -5*f(a) + 4*w(a). Is o(-10) a multiple of 11?
False
Suppose -5*u - 54 = -294. Let l = -14 + u. Does 17 divide l?
True
Let r = 10 + -3. Is r + -5 + (-40)/(-1) a multiple of 14?
True
Let t be ((-10)/25)/(1/(-5)). Does 4 divide (-45)/6*t/(-1)?
False
Let w = 131 + -127. Is 3 a factor of w?
False
Let r(q) = -q - 5. Let c be r(-4). Let d(j) = -j**3 - j**2. Let l(t) = 5*t**3 + 3*t**2 + t - 19. Let u(n) = c*l(n) - 4*d(n). Does 13 divide u(0)?
False
Let j be 0*(-3 - (-15)/6). Let f be (j + -1)/(1/(-4)). Suppose f*a + 4*t - 2*t = 138, 5*a - 185 = -5*t. Does 16 divide a?
True
Suppose 7*p - 38 = 4*p - 2*u, 5*u + 105 = 5*p. Does 11 divide p?
False
Let v be 24/(-15)*(-30)/(-4). Let k = v - -68. Is 13 a factor of k?
False
Suppose 2*t + 4 = 12. Is 2/(-4) + 174/t a multiple of 11?
False
Let r = 0 - -7. Is 8 a factor of 54/15*(r + -2)?
False
Let a(l) = -l**3 - 5*l**2 - 6*l - 6. Let s be a(-4). Let f(p) = -p**3 - 5 + s - 8*p - 8*p**2 + 2*p**3. Is 3 a factor of f(9)?
True
Let r = -5 + 7. Suppose p + 125 = -5*v, -v - r*v = 2*p + 82. Let a = -17 - v. Is 7 a factor of a?
True
Suppose 0 = -4*o - 2*n + 292, -124 = -2*o + 3*n + 38. Suppose a - 4*a = -o. Does 25 divide a?
True
Suppose 24 - 6 = -2*z. Let b = z - -5. Is 58/7 - b/(-14) a multiple of 8?
True
Does 28 divide 164 + 4 + 2 + -3?
False
Let d = 29 + 9. Is d a multiple of 9?
False
Suppose -420 = -4*c - 4*t, -3*t = 3*c - 2*t - 321. Suppose 0 = -4*z - b + 518, 3*z - c - 292 = 5*b. Suppose 0 = 4*g + g - z. Is 13 a factor of g?
True
Let g = 4 + -3. Let w = g + 7. Is w a multiple of 7?
False
Suppose 3*s + 4 = -20. Let c be (s/(-2))/2 - 0. Suppose c*k = -k + 48. Is k a multiple of 15?
False
Let d be 12/54 + (-34)/(-9). Suppose d*y - 64 = -4*g, 0*g + y = -2*g + 37. Is 13 a factor of g?
False
Suppose 4*z - 28 = -4*j, 2*z - 11 = -2*j + z. Suppose j*w - 160 = -0*w. Suppose 6*u = u + w. Is 3 a factor of u?
False
Let u = 7 - 8. Is 19 a factor of (-1)/(u + (-72)/(-76))?
True
Suppose 70 = 3*j - 2. Suppose -2*s + 3 = -1, 4*y = 4*s - 60. Let c = j + y. Is c a multiple of 7?
False
Suppose -3*s + 5*s - 8 = 0. Is 3 a factor of s?
False
Let q(m) = -m**2 + 7*m + 4. Let c be q(7). Suppose 248 = 5*v + 4*w, c*w + w + 275 = 5*v. Is v a multiple of 18?
False
Is 41 a factor of -1478*2/(-18) + (-48)/216?
True
Let d(v) = -v**3 - 23*v**2 + 23*v - 17. Is 6 a factor of d(-24)?
False
Suppose 0 = -11*l - 3*l + 1008. Is 12 a factor of l?
True
Let z be 8/3*6/4. Let n = 29 - 14. Suppose -3*r = -u + z*u - 24, -5*u - n = 0. Does 11 divide r?
True
Suppose 4*c + 118 = 2*l, l + 3*l + 2*c = 246. Is l a multiple of 4?
False
Let c(g) = 2*g**3 + 3*g**2 - 2*g - 3. Let j be c(-3). Let d = 40 + j. Is d a multiple of 12?
False
Suppose 272 = -5*l - 2*m, 2*m - 14 = 5*l + 254. Let j = l + 75. Does 13 divide j?
False
Let y(v) = 3*v**3 - v**2 - 6*v + 7. Does 5 divide y(2)?
True
Let v be (-1)/4 - 38/8. Let a = v - -13. Suppose -a = -2*j + j. Is j a multiple of 4?
True
Let g(m) = m**3 - 2*m**2 - 4*m. Let l(u) = -u**3 + u**2 + 4*u - 1. Let j(q) = 5*g(q) + 6*l(q). Is j(-6) a multiple of 6?
True
Suppose 3*d - 36 = -9. Is 5 a factor of d?
False
Let y = 51 + -35. Does 4 divide y?
True
Let c(p) = -p + 7. Let f be c(5). Suppose 4*w - 12 - 19 = -5*n, -f*w + 2*n = -38. Is w a multiple of 5?
False
Let j(l) = -l - 4. Suppose 2*s - 14 = -6. Let k be -13 + 0 + (7 - s). Does 3 divide j(k)?
True
Let u = 4 + -8. Let h = u - -12. Does 8 divide h?
True
Suppose 2*h + 5*i = 301, 0*h - 4*i = -4*h + 616. Is 17 a factor of h?
True
Suppose 0*g - 3*g = -5*c - 316, -12 = -3*c. Is 17 a factor of g?
False
Suppose 0 = 4*v - 256 - 520. Does 31 divide v?
False
Suppose 44 = -s + 7. Let f = -21 - s. Does 15 divide f?
False
Let q = 39 - 24. Suppose -j + 7